{"id":1146,"date":"2022-06-05T12:48:41","date_gmt":"2022-06-05T12:48:41","guid":{"rendered":"https:\/\/dstockstore.fr\/?post_type=product&#038;p=1146"},"modified":"2025-05-01T14:18:36","modified_gmt":"2025-05-01T14:18:36","slug":"pour-kangoo-retroviseur-droit-noir-2008-2020-neuf","status":"publish","type":"product","link":"https:\/\/dstockstore.fr\/?product=pour-kangoo-retroviseur-droit-noir-2008-2020-neuf","title":{"rendered":"Pour Kangoo-r\u00e9troviseur-droit-noir 2008-2020 neuf"},"content":{"rendered":"<p>Kangoo R\u00e9troviseur ext\u00e9rieur droit (2008-2020)<\/p>\n<p>Bonjour, mise en en vente de ce r\u00e9troviseur Renault Kangoo.<\/p>\n<p>Convient pour: Renault Kangoo de 2013- 2020 Mercedes-Benz CITAN de 2012- 2020<\/p>\n<p>Ce sont des pi\u00e8ces neuve et non Utilis\u00e9es.<\/p>\n<p>Contactez pour de plus ample information.<\/p>\n<p>Une livraison par colis est possible.<\/p>\n<p>R\u00e9glage: \u00e9lectrique Chauffage Num\u00e9ro de pi\u00e8ce OE :963010714R, 963656392R , 963742880R<\/p>\n","protected":false},"excerpt":{"rendered":"<p>Kangoo R\u00e9troviseur ext\u00e9rieur droit (2008-2020)<\/p>\n<p>Convient pour: Renault Kangoo de 2013- 2020 Mercedes-Benz CITAN de 2012- 2020<\/p>\n<p>R\u00e9glage: \u00e9lectrique Chauffage Num\u00e9ro de pi\u00e8ce OE :963010714R, 963656392R , 963742880R<\/p>\n","protected":false},"featured_media":1147,"comment_status":"open","ping_status":"closed","template":"","meta":{"_kad_post_transparent":"default","_kad_post_title":"","_kad_post_layout":"default","_kad_post_sidebar_id":"","_kad_post_content_style":"default","_kad_post_vertical_padding":"default","_kad_post_feature":"","_kad_post_feature_position":"","_kad_post_header":false,"_kad_post_footer":false},"product_cat":[107,125,129],"product_tag":[],"yoast_head":"<!-- This site is optimized with the Yoast SEO plugin v19.10 - https:\/\/yoast.com\/wordpress\/plugins\/seo\/ -->\n<title>Pour Kangoo-r\u00e9troviseur-droit-noir 2008-2020 neuf - Dstockstore<\/title>\n<meta name=\"robots\" content=\"index, follow, max-snippet:-1, max-image-preview:large, max-video-preview:-1\" \/>\n<link rel=\"canonical\" href=\"https:\/\/dstockstore.fr\/?product=pour-kangoo-retroviseur-droit-noir-2008-2020-neuf\" \/>\n<meta property=\"og:locale\" content=\"fr_FR\" \/>\n<meta property=\"og:type\" content=\"article\" \/>\n<meta property=\"og:title\" content=\"Pour Kangoo-r\u00e9troviseur-droit-noir 2008-2020 neuf - Dstockstore\" \/>\n<meta property=\"og:description\" content=\"Kangoo R\u00e9troviseur ext\u00e9rieur droit (2008-2020)  Convient pour: Renault Kangoo de 2013- 2020 Mercedes-Benz CITAN de 2012- 2020  R\u00e9glage: \u00e9lectrique Chauffage Num\u00e9ro de pi\u00e8ce OE :963010714R, 963656392R , 963742880R\" \/>\n<meta property=\"og:url\" content=\"https:\/\/dstockstore.fr\/?product=pour-kangoo-retroviseur-droit-noir-2008-2020-neuf\" \/>\n<meta property=\"og:site_name\" content=\"Dstockstore\" \/>\n<meta property=\"article:modified_time\" content=\"2025-05-01T14:18:36+00:00\" \/>\n<meta property=\"og:image\" content=\"https:\/\/dstockstore.fr\/wp-content\/uploads\/2022\/06\/e379f1a6-e2a9-4b5c-86ad-8a3d9742827e.jpeg\" \/>\n\t<meta property=\"og:image:width\" content=\"1590\" \/>\n\t<meta property=\"og:image:height\" content=\"1468\" \/>\n\t<meta property=\"og:image:type\" content=\"image\/jpeg\" \/>\n<meta name=\"twitter:card\" content=\"summary_large_image\" \/>\n<meta name=\"twitter:label1\" content=\"Dur\u00e9e de lecture estim\u00e9e\" \/>\n\t<meta name=\"twitter:data1\" content=\"1 minute\" \/>\n<script type=\"application\/ld+json\" class=\"yoast-schema-graph\">{\"@context\":\"https:\/\/schema.org\",\"@graph\":[{\"@type\":\"WebPage\",\"@id\":\"https:\/\/dstockstore.fr\/?product=pour-kangoo-retroviseur-droit-noir-2008-2020-neuf\",\"url\":\"https:\/\/dstockstore.fr\/?product=pour-kangoo-retroviseur-droit-noir-2008-2020-neuf\",\"name\":\"Pour Kangoo-r\u00e9troviseur-droit-noir 2008-2020 neuf - Dstockstore\",\"isPartOf\":{\"@id\":\"https:\/\/dstockstore.fr\/#website\"},\"datePublished\":\"2022-06-05T12:48:41+00:00\",\"dateModified\":\"2025-05-01T14:18:36+00:00\",\"breadcrumb\":{\"@id\":\"https:\/\/dstockstore.fr\/?product=pour-kangoo-retroviseur-droit-noir-2008-2020-neuf#breadcrumb\"},\"inLanguage\":\"fr-FR\",\"potentialAction\":[{\"@type\":\"ReadAction\",\"target\":[\"https:\/\/dstockstore.fr\/?product=pour-kangoo-retroviseur-droit-noir-2008-2020-neuf\"]}]},{\"@type\":\"BreadcrumbList\",\"@id\":\"https:\/\/dstockstore.fr\/?product=pour-kangoo-retroviseur-droit-noir-2008-2020-neuf#breadcrumb\",\"itemListElement\":[{\"@type\":\"ListItem\",\"position\":1,\"name\":\"Home\",\"item\":\"https:\/\/dstockstore.fr\/\"},{\"@type\":\"ListItem\",\"position\":2,\"name\":\"Contact Us\",\"item\":\"https:\/\/dstockstore.fr\/?p=11\"},{\"@type\":\"ListItem\",\"position\":3,\"name\":\"Pour Kangoo-r\u00e9troviseur-droit-noir 2008-2020 neuf\"}]},{\"@type\":\"WebSite\",\"@id\":\"https:\/\/dstockstore.fr\/#website\",\"url\":\"https:\/\/dstockstore.fr\/\",\"name\":\"Dstockstore\",\"description\":\"\",\"publisher\":{\"@id\":\"https:\/\/dstockstore.fr\/#organization\"},\"potentialAction\":[{\"@type\":\"SearchAction\",\"target\":{\"@type\":\"EntryPoint\",\"urlTemplate\":\"https:\/\/dstockstore.fr\/?s={search_term_string}\"},\"query-input\":\"required name=search_term_string\"}],\"inLanguage\":\"fr-FR\"},{\"@type\":\"Organization\",\"@id\":\"https:\/\/dstockstore.fr\/#organization\",\"name\":\"Dstockstore\",\"url\":\"https:\/\/dstockstore.fr\/\",\"logo\":{\"@type\":\"ImageObject\",\"inLanguage\":\"fr-FR\",\"@id\":\"https:\/\/dstockstore.fr\/#\/schema\/logo\/image\/\",\"url\":\"https:\/\/dstockstore.fr\/wp-content\/uploads\/2022\/02\/cropped-cropped-cropped-Capture_d_e\u0301cran_2022-02-16_a\u0300_14.08.23-removebg-preview-removebg-preview.png\",\"contentUrl\":\"https:\/\/dstockstore.fr\/wp-content\/uploads\/2022\/02\/cropped-cropped-cropped-Capture_d_e\u0301cran_2022-02-16_a\u0300_14.08.23-removebg-preview-removebg-preview.png\",\"width\":727,\"height\":168,\"caption\":\"Dstockstore\"},\"image\":{\"@id\":\"https:\/\/dstockstore.fr\/#\/schema\/logo\/image\/\"}}]}<\/script>\n<!-- \/ Yoast SEO plugin. -->","yoast_head_json":{"title":"Pour Kangoo-r\u00e9troviseur-droit-noir 2008-2020 neuf - Dstockstore","robots":{"index":"index","follow":"follow","max-snippet":"max-snippet:-1","max-image-preview":"max-image-preview:large","max-video-preview":"max-video-preview:-1"},"canonical":"https:\/\/dstockstore.fr\/?product=pour-kangoo-retroviseur-droit-noir-2008-2020-neuf","og_locale":"fr_FR","og_type":"article","og_title":"Pour Kangoo-r\u00e9troviseur-droit-noir 2008-2020 neuf - Dstockstore","og_description":"Kangoo R\u00e9troviseur ext\u00e9rieur droit (2008-2020)  Convient pour: Renault Kangoo de 2013- 2020 Mercedes-Benz CITAN de 2012- 2020  R\u00e9glage: \u00e9lectrique Chauffage Num\u00e9ro de pi\u00e8ce OE :963010714R, 963656392R , 963742880R","og_url":"https:\/\/dstockstore.fr\/?product=pour-kangoo-retroviseur-droit-noir-2008-2020-neuf","og_site_name":"Dstockstore","article_modified_time":"2025-05-01T14:18:36+00:00","og_image":[{"width":1590,"height":1468,"url":"https:\/\/dstockstore.fr\/wp-content\/uploads\/2022\/06\/e379f1a6-e2a9-4b5c-86ad-8a3d9742827e.jpeg","type":"image\/jpeg"}],"twitter_card":"summary_large_image","twitter_misc":{"Dur\u00e9e de lecture estim\u00e9e":"1 minute"},"schema":{"@context":"https:\/\/schema.org","@graph":[{"@type":"WebPage","@id":"https:\/\/dstockstore.fr\/?product=pour-kangoo-retroviseur-droit-noir-2008-2020-neuf","url":"https:\/\/dstockstore.fr\/?product=pour-kangoo-retroviseur-droit-noir-2008-2020-neuf","name":"Pour Kangoo-r\u00e9troviseur-droit-noir 2008-2020 neuf - Dstockstore","isPartOf":{"@id":"https:\/\/dstockstore.fr\/#website"},"datePublished":"2022-06-05T12:48:41+00:00","dateModified":"2025-05-01T14:18:36+00:00","breadcrumb":{"@id":"https:\/\/dstockstore.fr\/?product=pour-kangoo-retroviseur-droit-noir-2008-2020-neuf#breadcrumb"},"inLanguage":"fr-FR","potentialAction":[{"@type":"ReadAction","target":["https:\/\/dstockstore.fr\/?product=pour-kangoo-retroviseur-droit-noir-2008-2020-neuf"]}]},{"@type":"BreadcrumbList","@id":"https:\/\/dstockstore.fr\/?product=pour-kangoo-retroviseur-droit-noir-2008-2020-neuf#breadcrumb","itemListElement":[{"@type":"ListItem","position":1,"name":"Home","item":"https:\/\/dstockstore.fr\/"},{"@type":"ListItem","position":2,"name":"Contact Us","item":"https:\/\/dstockstore.fr\/?p=11"},{"@type":"ListItem","position":3,"name":"Pour Kangoo-r\u00e9troviseur-droit-noir 2008-2020 neuf"}]},{"@type":"WebSite","@id":"https:\/\/dstockstore.fr\/#website","url":"https:\/\/dstockstore.fr\/","name":"Dstockstore","description":"","publisher":{"@id":"https:\/\/dstockstore.fr\/#organization"},"potentialAction":[{"@type":"SearchAction","target":{"@type":"EntryPoint","urlTemplate":"https:\/\/dstockstore.fr\/?s={search_term_string}"},"query-input":"required name=search_term_string"}],"inLanguage":"fr-FR"},{"@type":"Organization","@id":"https:\/\/dstockstore.fr\/#organization","name":"Dstockstore","url":"https:\/\/dstockstore.fr\/","logo":{"@type":"ImageObject","inLanguage":"fr-FR","@id":"https:\/\/dstockstore.fr\/#\/schema\/logo\/image\/","url":"https:\/\/dstockstore.fr\/wp-content\/uploads\/2022\/02\/cropped-cropped-cropped-Capture_d_e\u0301cran_2022-02-16_a\u0300_14.08.23-removebg-preview-removebg-preview.png","contentUrl":"https:\/\/dstockstore.fr\/wp-content\/uploads\/2022\/02\/cropped-cropped-cropped-Capture_d_e\u0301cran_2022-02-16_a\u0300_14.08.23-removebg-preview-removebg-preview.png","width":727,"height":168,"caption":"Dstockstore"},"image":{"@id":"https:\/\/dstockstore.fr\/#\/schema\/logo\/image\/"}}]}},"_links":{"self":[{"href":"https:\/\/dstockstore.fr\/index.php?rest_route=\/wp\/v2\/product\/1146"}],"collection":[{"href":"https:\/\/dstockstore.fr\/index.php?rest_route=\/wp\/v2\/product"}],"about":[{"href":"https:\/\/dstockstore.fr\/index.php?rest_route=\/wp\/v2\/types\/product"}],"replies":[{"embeddable":true,"href":"https:\/\/dstockstore.fr\/index.php?rest_route=%2Fwp%2Fv2%2Fcomments&post=1146"}],"version-history":[{"count":1,"href":"https:\/\/dstockstore.fr\/index.php?rest_route=\/wp\/v2\/product\/1146\/revisions"}],"predecessor-version":[{"id":2332,"href":"https:\/\/dstockstore.fr\/index.php?rest_route=\/wp\/v2\/product\/1146\/revisions\/2332"}],"wp:featuredmedia":[{"embeddable":true,"href":"https:\/\/dstockstore.fr\/index.php?rest_route=\/wp\/v2\/media\/1147"}],"wp:attachment":[{"href":"https:\/\/dstockstore.fr\/index.php?rest_route=%2Fwp%2Fv2%2Fmedia&parent=1146"}],"wp:term":[{"taxonomy":"product_cat","embeddable":true,"href":"https:\/\/dstockstore.fr\/index.php?rest_route=%2Fwp%2Fv2%2Fproduct_cat&post=1146"},{"taxonomy":"product_tag","embeddable":true,"href":"https:\/\/dstockstore.fr\/index.php?rest_route=%2Fwp%2Fv2%2Fproduct_tag&post=1146"}],"curies":[{"name":"wp","href":"https:\/\/api.w.org\/{rel}","templated":true}]}}